ve g(t).
3
Let y(g) = 11*g**2 + g + 1. Suppose -9*s - 61 = -169. Suppose 4*u - 2*k + s = 0, k - 2 = 4*u + 6. Determine y(u).
11
Let n(r) = 2*r - 4. Suppose 4*b + 4*y = 0, -b = 3*b - 5*y. Suppose b = -8*c + 31 + 9. Give n(c).
6
Suppose -3*g + 5*t - 51 = -29, -3*g - 14 = -t. Let c(z) be the first derivative of -3/2*z**2 - z - 1/3*z**3 - 1. What is c(g)?
-5
Let o(u) be the first derivative of -2*u**3/3 + 2*u**2 - 19*u - 21. Let b(i) be the first derivative of o(i). Calculate b(6).
-20
Suppose -510 + 663 = 17*y. Let v(p) = p**3 - 8*p**2 - 11*p - 11. Determine v(y).
-29
Let t(j) = 5*j + 3. Let s(v) = -11*v - 7. Let c(d) = -4*s(d) - 9*t(d). Suppose -6*x = -3*b - x + 52, 0 = -5*b - 3*x + 30. Suppose -34 = -b*h + 2. Give c(h).
-3
Let s = 1230 - 2459/2. Let n(r) be the first derivative of -s*r**2 - r + 11 + 2/3*r**3 + 1/2*r**4. What is n(-2)?
-7
Let k(x) = 22*x + 362 - 362. Calculate k(-1).
-22
Let k(c) = 6*c**3 + 2*c**2 + 3*c - 14. Let i be 5 + -2 + 4 + -1. Let x(o) = 7*o**3 + o**2 + 4*o - 15. Let f(u) = i*k(u) - 5*x(u). What is f(-7)?
5
Let g(a) be the first derivative of a**7/840 - 7*a**6/360 + a**5/20 + 5*a**4/24 + 7*a**3/3 + 15. Let n(p) be the third derivative of g(p). Determine n(6).
5
Let a(i) = i**3 + 3*i**2 + 4*i + 3. Let r = 314 + -318. Determine a(r).
-29
Suppose 329*u - 119 = 346*u. Let z(a) = a - 4. Determine z(u).
-11
Let m(g) = -g**2 + 4*g + 1. Let a(c) = -c**3 - c**2 + 4*c + 8. Let s be a(0). What is m(s)?
-31
Let h be (1 - 2)*(-50)/2. Let m = h + -17. Let x(z) = z + 3. What is x(m)?
11
Let o(k) be the first derivative of k**4/4 + 4*k**3/3 - 5*k**2/2 - 2*k + 2. Let s(p) = -6*p**2 - 2*p - 1. Let a be s(-1). What is o(a)?
-2
Let a(v) = -3*v**3 + 14*v**2 + 2*v + 15. Let u(n) = -n**3 + 7*n**2 + n + 7. Let s(f) = 2*a(f) - 5*u(f). Give s(-7).
2
Let k(c) = 42*c**3 - 73*c**2 - 20*c. Let x(m) = -23*m**3 + 39*m**2 + 11*m. Let n(s) = 6*k(s) + 11*x(s). Suppose 3*f = -41 + 14. Calculate n(f).
-9
Let i(l) = l**2 - 2*l - 3. Suppose a = -h + 6, -5*h - 2*a + 45 + 0 = 0. Suppose 16*s + 30 = h*s. Let o = s + 9. What is i(o)?
0
Let c(u) = -3*u - 3. Let w be 2 + -2 + 1 + 3. Suppose -w*p + 4 = -8. What is c(p)?
-12
Let f(t) be the first derivative of t**3/3 - 5*t**2 - 10*t - 150. Calculate f(11).
1
Let n = -4 - -7. Let j(p) = -p**3 - 5*p**2 - 4*p + 2. Let r be j(-4). Let u(h) = h**2 + h - r*h**2 + h**2 - h**2 - 2. What is u(n)?
-8
Let a(y) = -8*y**2 + y + 1. Let f(k) = 9*k**2 - k - 1. Let i(g) = -6*a(g) - 5*f(g). Suppose 2 = -14*j - 26. Calculate i(j).
13
Let y(j) = 3*j - 6 - 9*j - 4*j**2 + 5*j**2. Suppose 3*u + 64 = 2*u. Let c = 70 + u. Give y(c).
-6
Let l(b) = b**3 - 8*b**2 - 6*b + 2. Suppose -38 = -4*y + z, 10*y - 3*z = 11*y - 3. Give l(y).
29
Suppose 0 = 72*q - 71*q - 7. Let x(w) = 3 - q*w**2 + 2 - 5 + 7*w - 6 + w**3. What is x(6)?
0
Let b(k) = -k**3 + 2*k**2 - k. Let g(f) = -3*f**3 + 9*f**2 - f - 7. Let a(y) = 2*b(y) - g(y). What is a(5)?
2
Let a(h) = 3 + 0*h**3 + h**3 - 17*h - 14*h + 23*h - 5*h**2. Let b be -1 + 1 + (1 - 2). Let d be -2 - -8 - (-1 - b). Give a(d).
-9
Suppose q = -27 + 29. Let f(z) = 2*z - 3*z**q - z**3 + 54 - 24 - 31. Give f(-3).
-7
Let f(l) = 94*l - 2 - 44*l - 48*l. Suppose 2*q - 14 + 6 = -2*p, -2*p + 4 = 4*q. Calculate f(p).
10
Let z(m) be the first derivative of 0*m - 1/2*m**2 - 1/3*m**3 + 38. Suppose 0 = -5*u + 2*u - 9. What is z(u)?
-6
Let g(i) = -8*i**2 + i - 2*i**3 + 5*i**2 - 1 + 4*i**2 + 0*i**2 + 2*i. Calculate g(2).
-7
Suppose -w - 12 = -5*v, -2*v + 3*w + 4 = 7. Let q(d) = 2*d**2 - 3*d + 3. Let p(o) = 5*o**2 - 7*o + 7. Let l(n) = 3*p(n) - 7*q(n). Give l(v).
9
Let z = -1688 + 1691. Let w(f) = -f**3 + 2*f**2 + 2. Determine w(z).
-7
Let r(l) be the third derivative of -l**5/60 + l**4/6 - 2*l**3/3 + l**2. Let o be (-27 - 3)*9/(-6). Suppose 5*y = o - 20. Calculate r(y).
-9
Suppose 4*c - 3*m - 13 - 23 = 0, 2*c + 5*m + 8 = 0. Suppose 5*q - 20 = 5*s, -3*s + c*s = 4*q - 15. Suppose 4*f = 1 + q. Let h(d) = d**2. Give h(f).
1
Let m(o) = 0 - o**2 + 25*o - 9*o**3 - 24*o + 1. Let f be m(-1). Suppose 0 = -3*k + 2*n + 2*n - 11, -4*k + 2*n = f. Let i(j) = 6*j - 1. Calculate i(k).
-7
Let o(z) = 6*z**3 - 4*z**2 - 3*z + 1. Suppose 5*v - 11 = 10*v + p, 3*v - 2*p = -4. Let n(h) = h**3 - h**2 - h. Let l(i) = v*n(i) + o(i). Give l(2).
23
Let z(x) = 11*x + x**3 - 1 - 12*x - 152*x**2 + 66*x**2 + 75*x**2. Calculate z(11).
-12
Let o(z) = z - 18. Let a(r) = -r**3 + 2*r**2 + r - 1. Let w be a(-2). Let i be o(w). Let n(q) = q**2 + 6*q + 3. Give n(i).
-2
Let l(d) = d + 6. Let a be l(0). Let x(i) = -i**2 - 6*i + 3. Let n be x(-6). Let z(f) = n + f + 7 + 6*f - 5 - f**2. Determine z(a).
11
Let s(l) = -l - 12. Suppose -57 = g - 128. Let u = g + -82. Give s(u).
-1
Let m(c) = -c**2 + 6*c + 4. Suppose -3*a + 12 = -3*b + a, 5*b - 5*a + 20 = 0. Let r be 18/(0 - b/(-6)). Let d be 6/(-8) + r/(-4). Calculate m(d).
4
Let n(q) = 2*q**2 + 17*q + 4. Suppose -6*y + 38 = 80. Give n(y).
-17
Let y(c) = c**2 + 5*c - 4. Let i be ((-6)/(-4))/(15/40). Suppose -64 - 56 = i*s + 5*l, 0 = -4*l + 16. Let z be 160/s + (-6)/14. Give y(z).
-4
Let l = 20 - 17. Let a(n) = -n**2 + n + 2. Let u be a(0). Let h(k) = -8*k**2 + 2 - l + 3*k**u. Give h(-1).
-6
Let p be (7 - (-175)/(-21))/(2/(-12)). Let f(x) = -x**3 + 8*x**2 - x + 10. Give f(p).
2
Let b = 17 - 10. Suppose -3*c - b = -19. Let r(p) = 9*p**2 - p**3 - c*p**2 - 1 + 6*p + 3. Calculate r(6).
2
Let r(m) = -m - 1. Let v(s) = 7*s + 20. Suppose -13 = -2*o - 15. Let i(k) = o*v(k) - 6*r(k). Determine i(-7).
-7
Suppose -2*j + 6 = 0, -41 + 50 = -4*m + 3*j. Let w(c) be the second derivative of 0*c**4 + 1/6*c**3 - 7/20*c**5 + 0 + 4*c + m*c**2. Give w(1).
-6
Let h(d) = -3*d - 66. Let m = -739 - -718. Give h(m).
-3
Let k be ((-4)/(-10))/(5/25). Let l(j) = j**3 + 0*j + 4 + 3*j**k - 2*j + 4*j. Calculate l(-3).
-2
Let a(s) = -3*s**2 - 7*s - 1. Let l(v) = -6*v**2 - 11*v - 1. Let j(q) = 5*a(q) - 3*l(q). Determine j(-3).
31
Let g(b) = -9*b**2 + 6*b - 1. Suppose 20 = -3*o + 11. Let n(a) = 4*a**2 - 3*a. Let j(i) = o*g(i) - 7*n(i). Let r be 3/1 + -2 - -3. Calculate j(r).
-1
Let w(r) = 4 + 4 + 3 - 7*r + 1 + r**2. Determine w(5).
2
Let k(p) = p + 1. Let j = -8 - -12. Let l(g) = -g - g**3 + j + 5 + 8*g**2 + 2. Let u be l(8). Determine k(u).
4
Let x(d) = 14 - 4*d - d**2 + 2*d**2 + 3*d + 15*d. Let b be x(-13). Let r(f) = -14*f**2 - f + 1. Determine r(b).
-14
Suppose -c + 1 + 1 = 0, 3*f = 2*c - 22. Let n(r) be the first derivative of -r**2/2 - r + 363. What is n(f)?
5
Let q(k) = -7*k**2 + 2*k + 8*k**2 - 77 + 77. What is q(-6)?
24
Let d be (2 - 6)/(-2) - (-40 - -40). Let o(f) = -f**3 + 6*f**2 - 5*f - 3. Determine o(d).
3
Let r(f) = -22*f - 63. Let o(j) = 19*j + 59. Let q(a) = 6*o(a) + 5*r(a). Calculate q(-10).
-1
Let z(b) = 53249*b + 3 - 4*b**3 - 53256*b + 5*b**2 + 5*b**3. Determine z(-6).
9
Let k(n) = 3*n - 2*n + 1 + n**3 + 11*n + 30 - 15*n**2 - n. What is k(14)?
-11
Let m be (10/((-20)/6))/(6/8). Let o be ((-5)/(-2)*m/(-5))/2. Let c(n) = -n + 1. Calculate c(o).
0
Let j(i) be the first derivative of -i**2/2 + 2*i + 213. Determine j(5).
-3
Suppose 3*m = m + 2. Let p(n) = 4*n**3 - 4*n**2 - 4*n - 2. Let k(o) = -3*o - 6*o**2 + 2*o**2 - 1 + 3*o**3 + o**2. Let c(h) = 3*k(h) - 2*p(h). Calculate c(m).
0
Let k(u) = -6*u + 17. Let s(a) = -a + 1. Let v(n) = k(n) - 3*s(n). Give v(9).
-13
Let h(v) be the first derivative of -v**5/15 + v**4/12 - v**3/2 - 33*v**2/2 + 21. Let z(d) be the second derivative of h(d). Calculate z(2).
-15
Let f(w) = w**3 - 5*w**2 - 8*w + 1. Let u(t) = -t**2 - t. Let m(a) = f(a) - 6*u(a). Suppose 0 = -6*l + 17 + 13. Let p be (-8)/l - (-26)/(-65). Give m(p).
1
Suppose -4*i + 8 = -6*i. Let r(u) = 2*u**2 + u - 7*u**2 - 4*u. Let z(y) = -11*y**2 - 5*y + 1. Let c(q) = i*z(q) + 9*r(q). Determine c(-6).
2
Let b(m) = -m - 8. Let x = 68 - 51. Let n = -24 + x. Determine b(n).
-1
Let l(z) = z**2 - 17*z - 60. Let n be l(20). Let t(p) = -p + 25. Determine t(n).
25
Let f = 15 + -12. Suppose -4 - 2 = f*b. Let l be (b/(-5))/((-5)/(-25)). Let s(v) = -7*v + 1. What is s(l)?
-13
Suppose -5*l + 20 = 0, -2*l = -f - 5*l + 10. Let n(h) = 5*h + 7. Calculate n(f).
-3
Let j(x) = 4*x - 1. Let v(p) be the third derivative of -p**5/60 + 5*p**4/24 - 2*p**3/3 - 7*p**2. Let b be v(4). Suppose 5*k + 0 + 5 = b. Calculate j(k).
-5
Let x(c) be the second derivative of 0 - 1/2*c**3 + c*